b(q). What is the greatest common factor of 16 and j?
8
Let i(d) = 5*d + 1. Let m be i(-2). Let c be m*((-8)/6 - 2). Calculate the highest common divisor of 45 and c.
15
Let v = 38 - 26. Suppose -v = c - 3*c. Suppose -2 = 4*r - 2*r + 2*t, 5 = -t. Calculate the highest common divisor of c and r.
2
Let a = -4 - -7. Let c be 147/51 - (-4)/34. Calculate the greatest common divisor of a and c.
3
Suppose -5*m = -0*m - 15. Suppose -6*s + s = 4*j - 20, m*s = 0. Suppose -j*f - 1 = x, 2*f = x - 21 + 1. What is the greatest common factor of x and 7?
7
Let k(d) = 7*d - 11. Let j be k(9). Suppose 0*i = -i + j. What is the greatest common factor of i and 13?
13
Let b = 33 - 30. Let x be 32 + ((-1)/1 - -2). Calculate the highest common divisor of b and x.
3
Suppose c = -2*s + 6*c + 53, 4*s - 92 = -4*c. Let q be 6/(-4)*8*-3. Calculate the greatest common factor of s and q.
12
Let v be -3 + -3 + 7 + 1. Suppose -5*b + 4*f = -68, 0 = b - f - v*f - 18. Calculate the highest common factor of 84 and b.
12
Let u = -182 + 193. Suppose w = -0*w + 55. Calculate the highest common factor of w and u.
11
Let m(s) = s + 114. Let g be m(-30). What is the highest common divisor of g and 12?
12
Let b be (20/18)/(2/18). Calculate the highest common divisor of 80 and b.
10
Let u(y) = y**2 + 14*y + 14. Let l be u(-13). Let c be (41 - (l - 3)) + 2. What is the highest common factor of 30 and c?
15
Let o be (2 + -3 + 0)*-3. Let g be o - (0 + -2)/(-2). Suppose -g*w + 14 = -w. Calculate the greatest common divisor of w and 70.
14
Suppose -5 = t, t + 154 = 4*d - 51. Calculate the highest common factor of 30 and d.
10
Let b be (-4 + (-5)/(-2))*-2. What is the highest common divisor of 6 and b?
3
Let t = 22 - -32. What is the highest common divisor of 9 and t?
9
Let h(w) = w**2 - 2*w - 8. Let f(n) be the first derivative of 4*n**2 - 2. Let g be f(1). Let t be h(g). Calculate the greatest common divisor of t and 8.
8
Suppose -6*k + 4*n = -10*k + 28, n + 1 = k. What is the greatest common factor of k and 2?
2
Let j = -110 - -209. Calculate the greatest common divisor of j and 11.
11
Let n be (-1 + 0)/(-6 - (-1121)/187). Calculate the highest common divisor of 17 and n.
17
Let s = 27 - 24. What is the highest common factor of 24 and s?
3
Let o(z) = z**2 + 5*z - 6. Let q be o(-7). Suppose n - 3*n - 4*l - 180 = 0, 3*n = 3*l - 261. Let c = -48 - n. What is the highest common divisor of q and c?
8
Let m = 27 + -16. Suppose -2*q - a = -5*q + 97, 5*a - 10 = 0. Calculate the highest common divisor of q and m.
11
Let y(b) = b - 1 + 11*b**2 - 9*b**2 - 7*b. Let v be y(6). What is the greatest common divisor of v and 14?
7
Let a be (-52)/(-8) + 2/4. What is the highest common factor of 77 and a?
7
Let l = 48 - -6. What is the greatest common divisor of l and 135?
27
Suppose 11*b + 288 = 15*b. Suppose 12 - 4 = g. What is the greatest common divisor of g and b?
8
Suppose 5*l = -d + 454 + 295, 4*l - 602 = 2*d. What is the highest common divisor of 30 and l?
30
Suppose -11 = -b + 1. Let g(w) = -w**2 - w + 18. Let d be g(0). Calculate the highest common divisor of b and d.
6
Let c(p) = p**2 + 11*p + 18. Let o be c(-11). Calculate the highest common divisor of 90 and o.
18
Suppose 8*j = 5*j + 60. Let t(d) be the third derivative of -3*d**4/4 - 2*d**3/3 - 2*d**2. Let l be t(-3). Calculate the greatest common divisor of j and l.
10
Suppose -36 = -3*b + q, 19 + 17 = 3*b + 4*q. Calculate the greatest common factor of 36 and b.
12
Let x = -2 + 6. Suppose h = x*h - 51. Suppose -2*b + 5*b - 5*i = 485, -840 = -5*b + 2*i. Calculate the highest common divisor of b and h.
17
Let n = 11 - 1. Let z = 6 + -4. What is the highest common divisor of n and z?
2
Suppose 98 = o + 90. Calculate the greatest common factor of o and 56.
8
Suppose u + 4 = -3*a - 3, -5*u = 4*a - 9. Let f = u - -4. What is the greatest common divisor of f and 27?
9
Let l(t) = -2 + t - 7*t**2 - 2 + 4. Let g(w) = -15*w**2 + w - 1. Let i(f) = 4*g(f) - 9*l(f). Let k be i(-5). Calculate the highest common factor of 12 and k.
12
Let h = 9 + -7. Suppose 0 = 3*b + 4*s, -4*b + s = -h*s. Suppose -36 = -2*z - b. Calculate the greatest common factor of 12 and z.
6
Suppose 27*c - 6*c - 1344 = 0. What is the greatest common factor of c and 4?
4
Let n = 5 - -1. Let k(u) = 2*u - 4. Let p be k(3). Calculate the greatest common divisor of n and p.
2
Let u = -3 - -3. Suppose -w - 3*c + u = 1, 4*c = -2*w + 4. Let v = w - 5. What is the greatest common divisor of v and 3?
3
Let u be ((-7)/(-4))/((-2)/8). Let z = u - -11. Calculate the greatest common divisor of z and 1.
1
Let g(h) = 46*h - 4. Let t be g(4). Suppose -t - 114 = -2*m. What is the greatest common factor of 21 and m?
21
Suppose 6 = 27*z - 28*z + 3*m, 5*z + 5*m = 70. Suppose -n + 49 = -32. What is the greatest common factor of z and n?
9
Let p = -129 - -170. Calculate the highest common divisor of 164 and p.
41
Let h = 3 + 7. Let t(f) = -f - 6. Let j be t(-6). Suppose 0 = -5*r + 4*y + 408, -3*r + j*y = 3*y - 234. Calculate the highest common factor of h and r.
10
Suppose 3*x - 21 - 27 = 0. Let t = 4 + x. What is the highest common factor of 5 and t?
5
Let t(w) = w**3 - 12*w**2 - 12*w + 5. Let c be t(13). Let h be 50/18 - (-4)/c. Calculate the highest common divisor of h and 12.
3
Let n(q) = 3*q**2 + 15*q - 7. Let a be n(-6). Let p be -14 + a + (-37)/(-1). Calculate the greatest common factor of p and 170.
34
Suppose 0 = 2*s - 0 + 8. Suppose 2*d = -2*r + 6, -d - 3*r + 3 = d. Let w = s + d. Calculate the highest common factor of 3 and w.
1
Let a = 314 + -188. Let i = -62 - -76. What is the highest common divisor of i and a?
14
Let w = 21 + -14. Calculate the greatest common divisor of w and 77.
7
Let q(t) = 26*t**2 + 2*t - 4. Let i be q(-3). What is the greatest common divisor of 28 and i?
28
Let f(b) = -b**2 + b + 39. Let p(g) = 2*g**2 + 4*g - 1. Let h be p(-3). Let l = 5 - h. Let d be f(l). What is the greatest common factor of 13 and d?
13
Suppose 0*b + 4*b = -8, -3*w - 5*b = -35. Calculate the highest common divisor of 15 and w.
15
Let l(g) = g - 7. Let f be l(9). Let j = 1 + 13. Calculate the greatest common factor of f and j.
2
Suppose -4*t + 2*t = 10. Let r(k) be the third derivative of -k**4/6 - 2*k**3/3 + 3*k**2. Let h be r(t). What is the greatest common factor of h and 112?
16
Let o = -58 + 80. Calculate the highest common divisor of 242 and o.
22
Let t be -1 - -2 - (0 - 0). Calculate the greatest common factor of t and 11.
1
Suppose 18 = 2*o - 42. What is the greatest common factor of o and 6?
6
Suppose -15 = -5*s - 2*g, -s + 3 = -0*s - 5*g. Let c be 34 + (4 - 2)/(-2). What is the greatest common factor of c and s?
3
Let d(n) = 2*n - 9. Let u be d(6). Let f be 27 - (u - 3 - -3). What is the highest common divisor of 3 and f?
3
Let t be 6/10 - (-960)/25 - 3. Calculate the greatest common divisor of t and 90.
18
Let h(p) = 3*p**2 + 2*p - p - 3*p + 0*p + 7. Let o be h(-3). What is the highest common factor of o and 60?
20
Let t be 556/6 + 66/(-99). Calculate the highest common factor of t and 23.
23
Suppose 15 = 5*t - 105. Let l = -340 + 532. Calculate the greatest common divisor of t and l.
24
Suppose 3*o + 1 + 2 = 0. Let z be 4 - (o - (-4 - -1)). Let r be (-5)/(-3)*(1 + 5). What is the greatest common divisor of z and r?
2
Let a = 150 + -74. What is the highest common factor of a and 19?
19
Let y be 5/20 - 26/8. Let a be (2 + -26)/(-3) + y. Calculate the greatest common factor of 2 and a.
1
Let j(c) = 6*c**2 + 6*c + 6. Let h = -6 + 1. Let f be j(h). Calculate the highest common divisor of 14 and f.
14
Let u(s) = s**3 + 5*s**2 - 4*s + 1. Suppose -4*t = 16 + 4. Let r be u(t). What is the highest common factor of r and 42?
21
Suppose 107 = h - 28. What is the greatest common divisor of 15 and h?
15
Let g(b) = -2*b + 4. Suppose -t = -0*t - 4. Let d be g(t). Let s = d - -11. Calculate the highest common factor of 14 and s.
7
Let b be 118/10 - 6/(-30). Calculate the highest common factor of 96 and b.
12
Suppose x = -x + c - 6, -2*x + 4*c - 12 = 0. Let a(s) = -14*s**3 - 4*s + 1 + 0 - 4. Let h be a(x). Calculate the highest common divisor of 13 and h.
13
Let d(l) = l**3 - 5*l**2 - l - 10. Let i be d(7). What is the highest common divisor of 9 and i?
9
Suppose -2*n = 5*o - 11, 5*o + 5*n = 4 + 1. Let m b